digit of d?
4
Let o = 128 + 68. Suppose -8*d + o = -4*d. What is the units digit of d?
9
Let a(k) = 4 + 24*k**2 - 13*k**2 + 4*k**2 + 19*k**2. Let h be a(2). What is the tens digit of h/(-30)*144/(-14)?
4
Let h(t) = -3*t + 70. What is the hundreds digit of h(-34)?
1
Let w = -40 + 80. What is the units digit of (-7)/((-35)/w) - 3?
5
Let c(w) be the first derivative of -w**2 - 15*w - 3. Let g be c(-9). Suppose -g*i + 5 = -106. What is the units digit of i?
7
Let o = 258 - -197. Let j = -191 + o. What is the hundreds digit of j?
2
Let d = -800 + 2682. What is the tens digit of d?
8
Let x = 2 - -5. Suppose x = 5*z - p, 6*p - 19 = -2*z + p. What is the units digit of ((-20)/8)/(z/(-12))?
5
Let s(h) = h - 5. Let l be s(10). Suppose -15 = -l*g, -3*t + g - 6*g + 255 = 0. What is the units digit of t?
0
Let z = -74 - -38. Let v = z - -68. Suppose -v = 2*n - 4*n. What is the tens digit of n?
1
Suppose 0*f - 4*f = -5*i + 4656, 3*i - 2799 = -3*f. What is the tens digit of i?
3
Suppose a = -4*a + 25. Suppose -5*p - 31 = a*k - 466, -5*k = 2*p - 165. Suppose 4*m = -m + p. What is the tens digit of m?
1
Suppose b = 5*q - 3648 - 1031, -3*q + 2825 = -5*b. What is the hundreds digit of q?
9
Suppose -4*r = -6*r + 4. Suppose r*d - 154 = -0*d. What is the tens digit of d?
7
Let p = 287 + -135. Let w = p - 37. What is the tens digit of w?
1
Let l(t) = -2*t - 35. Let g be l(-19). Suppose -4*x - y + 361 = 0, -g*y = y - 20. What is the units digit of x?
9
Let s be 9*5 - (8 - 5). What is the units digit of 3/21 - (-1338)/s - -3?
5
Suppose -5*h - 3*w + 817 - 252 = 0, h = -w + 115. What is the tens digit of h?
1
Let d = -3779 + 5843. What is the units digit of d?
4
Suppose 5*q - 40 = -5*n + 10, -50 = -4*q + n. Suppose -5*b - 2*w + 0 = -11, -5*w - 10 = 0. Let k = b + q. What is the tens digit of k?
1
Suppose -5*m + 5 = 10. Let w = m + 5. Suppose -w*d - y + 3 = -3, -d + 7 = 3*y. What is the units digit of d?
1
Let u = 41 - 40. What is the tens digit of 82*u/4*4?
8
Let l(q) = -q**3 - 12*q**2 - 3*q - 39. Let d be l(-12). Let w(y) be the second derivative of -2*y**3/3 + 7*y**2/2 + y. What is the tens digit of w(d)?
1
Let x be (48/(-10))/((-12)/30). What is the units digit of (-68)/x*(-1 + -8) + -3?
8
Let u = -89 - -94. Suppose -4*l + 552 = x + 3*x, 696 = u*x + 3*l. What is the hundreds digit of x?
1
Let r(i) = i**3 + i**2 - 3*i - 2. Let u be r(-2). Suppose 3*n - 225 - 60 = u. What is the units digit of n?
5
What is the units digit of 22/(-33) + 10/6?
1
Let h be 30/(-2)*22/55. Let a be (h/(-9))/(2/(-36)). What is the units digit of (a/10)/((-6)/255)?
1
Let c = -5 + 9. Suppose c*r - 180 = -0*r. Suppose 4*p = f + 175 - r, -76 = -2*p - 5*f. What is the units digit of p?
3
Let i(h) = -317*h - 102. What is the units digit of i(-3)?
9
Let d = -224 - -2971. What is the thousands digit of d?
2
Suppose 5*x + 2*v + 22 = 0, -3*x - v = 4*v + 17. What is the tens digit of (-3)/2 - 110/x?
2
Suppose 3*k - 9 = -3*z, -2*k + 3 = 4*z - 1. Suppose k*u + 3*x + 228 - 724 = 0, -3*u = -3*x - 372. What is the tens digit of u?
2
Suppose 4*t - 3*k + 15 - 3 = 0, 0 = 2*t + 2*k - 8. Suppose 2*d = 2*q + 30, 3*d - 4*q - 49 + 7 = t. What is the units digit of d?
8
Let n(q) be the third derivative of -13*q**4/3 - q**3/6 - 2*q**2. What is the tens digit of n(-1)?
0
Suppose 4*a - 2*v - 5876 = 0, -a - 281 = 4*v - 1741. What is the tens digit of a?
6
Suppose -3*g + 3*t + 21 = -0*g, -5*g = 3*t + 5. Suppose 0 = -3*d + 6*d + 5*h - 481, -g*h = -2*d + 326. Suppose -57 + d = 5*c. What is the units digit of c?
1
Suppose 2164 = 2*k + 2*s + 8, 5*k - s - 5402 = 0. What is the units digit of k?
0
Let x(d) = -d**3 + 8*d + 9. Let g be x(-6). Suppose 5*s + g = -28. Let t = -11 - s. What is the tens digit of t?
3
Suppose 0 = 3*k + 9*k - 2604. What is the units digit of k?
7
Let x(g) = -28*g + 5*g + 8 - 16*g. Let a(o) = -19*o + 4. Let k(l) = -7*a(l) + 3*x(l). What is the tens digit of k(4)?
6
Suppose -2*c = 0, 2*s + 602 = 4*s - c. Let t = 433 - s. What is the hundreds digit of t?
1
Let t be (-317)/(-15) + (-4)/30. Suppose -4*n = -8, -t = -5*b + 3*n - 2. Suppose 34 = b*l - 41. What is the tens digit of l?
1
Let g be -1*2/4*-10. Suppose g*f - u = 211, 5*f + 0*u - 209 = -u. What is the tens digit of f?
4
Let w(t) = -t**3 - 6*t**2 + 6*t + 11. Let i be (9/(-1) - -3) + -2. What is the units digit of w(i)?
1
What is the units digit of (-3)/((-102)/(-4)) - 205777/(-221)?
1
Let z be 0 - -7 - (-6)/(-2). What is the units digit of z/24 - (-2730)/36?
6
Let g(u) = -u + 52. What is the units digit of g(-40)?
2
What is the tens digit of 24/64 - 398235/(-120)?
1
Let d(u) = 2*u**3 + 8*u**2 - 7*u - 11. Let t(j) = j**3 + 7*j**2 - 6*j - 9. Let f(h) = 5*d(h) - 6*t(h). Let m = -2 - -4. What is the units digit of f(m)?
5
Suppose 12*t - 80 = 10840. What is the tens digit of t?
1
Suppose 3*h - 5*h + 1162 = 5*x, x = 3*h - 1777. What is the tens digit of h?
9
Let l = -813 + 1318. Let x = l + -313. What is the tens digit of x?
9
Suppose -2*i = -4*h + 2*i + 320, 3*i = 2*h - 161. Suppose -5*s - h + 479 = 0. Suppose -3*t = -4 - s. What is the tens digit of t?
2
Let k = -44 + 57. Suppose 3*w - k*w + 900 = 0. What is the tens digit of w?
9
Suppose 3*s - 1760 = 1915. What is the hundreds digit of s?
2
Suppose -15*v + 38620 = 5*v. What is the units digit of v?
1
What is the tens digit of (-7)/(-7 + 1 - -5) - -1089?
9
Suppose 6 = -2*i, i = -2*k - i + 1618. What is the hundreds digit of k?
8
Let b(l) = 5*l**2 + 5*l - 5. Let j be b(2). Let h = 79 - j. What is the units digit of h?
4
Let o(a) = a - 11. Let k(f) = -f + 1. Let q(v) = -2*k(v) - o(v). Let x be q(-4). Suppose -9 = -x*s - 5*y + 21, 0 = -s + 2*y + 9. What is the units digit of s?
7
Let x be (7/(-4))/((-3)/36). Suppose -2*d - 28 = 2. Let t = x + d. What is the units digit of t?
6
Suppose -3*t + 4*z + 115 = 0, -3*z + 68 + 85 = 5*t. Suppose -147 = -2*x - t. What is the tens digit of x?
5
Let m(h) = -2*h**2 + 4. Let s(d) = d**2 - 3. Let f(p) = -5*m(p) - 6*s(p). Let b be (5/15)/((-2)/24). What is the tens digit of f(b)?
6
Suppose 48 = q + 3*q. Suppose -90 = -5*k + 125. Suppose q = -s + k. What is the units digit of s?
1
Let x = 4 + -8. Let j = 910 + -958. What is the tens digit of (j/(-15))/(x/(-40))?
3
Let j(i) = 71*i**3 - 3*i**2 + 4*i - 5. Let u be j(3). Suppose b = 8*b - u. What is the hundreds digit of b?
2
Suppose -5*h + 4*g + g + 20 = 0, 3*g + 28 = 5*h. Let t = h - 4. Suppose t*f - 15 = -f. What is the units digit of f?
3
Suppose 0 = 13*l - 3*l - 20. Suppose 4*o = -2*h + 368, 3*o + l*h - 298 = 6*h. What is the units digit of o?
4
Let v be 10/6 - (-1)/3. Let o be (v - 2) + -1 + 7. Suppose -136 = -o*d + 2*d. What is the tens digit of d?
3
Suppose 0 = -2*i + j - 102 - 52, 4*j + 134 = -2*i. Let d = i + 130. What is the units digit of (-552)/(-10) - 11/d?
5
Let j(c) = c**2 + 8*c + 24. Let i(h) = h**2 + 7*h + 24. Let f(q) = -4*i(q) + 5*j(q). What is the units digit of f(-14)?
2
What is the tens digit of ((-1332)/(-14))/((-6)/(-28))?
4
Let l(g) = g**3 - 9*g**2 - g + 11. Let k be l(9). What is the tens digit of (0 + k)*(-2 - 265/(-10))?
4
Let q be (-20)/170 + -2 + (-198)/51. What is the units digit of 83 - (-8)/48*(0 + q)?
2
Suppose -30*m + 19*m + 30008 = 0. What is the tens digit of m?
2
Let s be 34/119 + (-38)/(-14). Suppose -4*b + 25 = x, 2*x - s*b - 25 = 14. What is the tens digit of ((-9)/6)/(x/(-266))?
1
Suppose -4*p = -5*q + 10*q - 1197, 4*p = -3*q + 1203. What is the units digit of p?
3
Suppose 3*r = -4*l + 410, -5*l + 402 = -l - r. Let d = 16 + l. What is the tens digit of d?
1
Suppose -4*n + 20 = 0, -3*n + 6123 + 8367 = 5*j. What is the thousands digit of j?
2
Let i(a) = 7*a**2 + 92*a - 118. What is the units digit of i(-30)?
2
Let p = -49 - -74. Suppose -2*v - 8 + 21 = u, -p = -u - 5*v. What is the tens digit of 77/u - 6/15?
1
Suppose 4 - 12 = -4*i. What is the units digit of (-45)/(11/(-4) + i)?
0
Let y(k) = k**3 + 7*k**2 - 2*k. Let p be y(-6). Suppose -4*l = -0*l + p. What is the units digit of 8/(((-15)/l)/5)?
2
Let g(n) = n**2 + 10*n - 6. Let m be g(-11). Suppose 0 = -m*q + 4*q. Suppose q = 3*d + 2*t - t - 37, 3*t - 46 = -4*d. What is the tens digit of d?
1
Suppose 5*k - n + 10 = -55, 4*k - 3*n + 63 = 0. Let b = -60 - -39. What is the tens digit of k/6 - (b - 1)?
2
Suppose -1 + 0 = -s. Suppose 9 =